 10/o. Let u(s) = -9*s - 7. What is the tens digit of u(p)?
1
Let s(d) = -d**2 + d - 1. Let b be s(0). Let y = 3 - b. Suppose 110 = o + y*o. What is the tens digit of o?
2
Let i(z) = 17*z**3 - z**2 + 1. Let y be i(1). Let f be 1*-1 + y + -13. Suppose f*o + 64 = 2*u - 26, 3*o = 6. What is the tens digit of u?
4
Let q(y) = 28*y + 25. Let r be -2 - (-13)/2 - 10/20. What is the units digit of q(r)?
7
Let l = 488 - 407. What is the units digit of l?
1
Let t(q) = 228*q**2 - 2*q. Let j be t(-1). Suppose g = 3*g - j. What is the units digit of g?
5
Let z(r) be the first derivative of r**3/3 - 5*r**2 + 18*r + 2. What is the units digit of z(9)?
9
Let a = 16 + -16. What is the units digit of 7 + (-2 - -4) - a?
9
Suppose l + 5*q = 5*l - 27, 4*l - 4*q = 28. Let c be -101 + (-4)/l*-8. Let u = -65 - c. What is the tens digit of u?
3
Let o(q) = 13*q**2 + q + 28 - 7*q**2 - 5*q**2. Let v be (-1 + -1 - -1)*0. What is the tens digit of o(v)?
2
Let d = 5 - 1. Suppose 3 + d = q. Let j = q + 1. What is the units digit of j?
8
Suppose -58*x + 59*x - 453 = 0. What is the tens digit of x?
5
Suppose 34511 = 103*z - 479871. What is the tens digit of z?
9
Let m(g) = -383*g + 114. What is the tens digit of m(-1)?
9
Suppose -1071 + 205 = -l - 5*a, -4*a - 857 = -l. What is the hundreds digit of l?
8
What is the hundreds digit of -2*(3 + (-3783)/6 + 3)?
2
Suppose -2*f = 6*k - k + 5, 4*f - 60 = 4*k. Let c = f - -71. What is the tens digit of c?
8
Suppose -13*m + 5533 + 3190 = 0. What is the units digit of m?
1
Let y(b) = b**3 + 6*b**2 - 6*b - 18. What is the units digit of y(5)?
7
Suppose 0 = 6*z - 1651 - 1907. What is the units digit of z?
3
Let r = -341 - -697. What is the hundreds digit of r?
3
Let k(f) be the first derivative of -f**4/4 + 8*f**3/3 + 4*f**2 + 6*f + 13. What is the tens digit of k(8)?
7
Let p = -94 - -129. Suppose -2*c + 91 = p. What is the tens digit of c?
2
Let f be (19 + -4)/3 - 1. Suppose -f*t - 2*k + 100 = t, 5*k + 25 = 0. What is the units digit of t?
2
Let n = 21 - 23. What is the units digit of (29 + -4)/(4 + n + -1)?
5
Suppose 4*n = -2*i + 2, -5*i - 10 = 9*n - 4*n. Suppose -n*h + 31 + 29 = 0. What is the tens digit of h?
2
Let x(r) = 8*r**3 - 13*r**2 - 18*r - 8. What is the hundreds digit of x(5)?
5
Let u = 693 - -171. What is the tens digit of u?
6
Let v = -23 + 17. Let r(x) be the first derivative of x**3/3 + 2*x**2 + 7*x - 4. What is the tens digit of r(v)?
1
Suppose 4*d = 8*d - 4, w - 1563 = d. What is the hundreds digit of w?
5
Suppose -475 = -5*g - 2*k + 220, 4*k = 0. Suppose -4*l + g = -165. What is the units digit of l?
6
Let i(x) = -x + 7. Let n be i(6). Let u = n - -6. Suppose -84 = -14*d + u*d. What is the tens digit of d?
1
Let d = 12 + -7. Let n(y) = 55*y - 103*y + 6 + 53*y. What is the units digit of n(d)?
1
Let b(y) = -y**2 - y - 3. Let w be b(0). Let i(v) be the first derivative of v**4/4 + v**3 - 3*v**2/2 - v + 176. What is the units digit of i(w)?
8
Let v be (-2 - (1 + -3))/(-1). Suppose -3*r - 5*r + 624 = v. What is the units digit of r?
8
Suppose 505 = s - n, s - 488 - 8 = -2*n. Suppose 7*y - 9*y + s = 0. What is the hundreds digit of y?
2
Suppose -4*w + 8 = 2*m, 2*m + 3*w = -2*w + 12. What is the tens digit of (-2)/(-6) + 1016/12 + m?
8
Suppose 0 = -2*v - b - 149, 8*v - 4*b = 3*v - 392. Let t = -48 - v. What is the units digit of 21/t + 13/4?
4
Suppose 5*o + 27 = j, 2*j - 2*o = o + 26. Let x be 2 - -16*(-1)/(-2). Suppose j*d = 9*d - x. What is the units digit of d?
5
Let m be 2 - (12/(-3) + 2). Suppose -m*o = 3*q + 12, 2*o = -2*q + 7*q + 20. What is the tens digit of (-2)/(-3)*(-138)/q?
2
Let k = -15 - -12. What is the units digit of (k + 2)*3 + 99?
6
Let c(p) = p**2 + 13*p + 16. Suppose -z - 5*x = -0 - 5, -3*x - 3 = z. What is the tens digit of c(z)?
4
Suppose 0 = -m + 3*c + 1, -4*c + 0 = m - 1. What is the tens digit of (m - -1)*245/14?
3
Let q(c) = c + 44. Suppose -o + 2*o - 12 = 3*x, -o + 5*x + 20 = 0. What is the units digit of q(o)?
4
Let s(n) = -1 - 9*n + 6 - 14 + 29. What is the tens digit of s(-14)?
4
Let c(o) = 4*o**2 - 3*o. Let a = 31 + -30. Let m be -6 + -3 + 5 + a. What is the tens digit of c(m)?
4
Suppose 3*v - v + s - 165 = 0, -5*v + 408 = -2*s. Let d = v - 4. What is the tens digit of d?
7
Suppose 5*z - 2*p + 443 = 0, -2*z - 6 - 152 = 4*p. Let f = z - -52. Let v = -23 - f. What is the units digit of v?
2
Suppose 0*j - 8 = -2*j. Suppose -f + j - 8 = 0. Let m = f + 33. What is the units digit of m?
9
Let g(i) = 25 + i - 6*i - i. What is the tens digit of g(-13)?
0
Suppose -8*a - 24 = -5*a. Let o = 6 + a. What is the units digit of 36 + (o - 1) + 1?
4
Let m be 3/(-5) + (-26)/(-10). Let g(n) = 8*n**3 + n - 2. Let w be g(m). Let z = w + -31. What is the tens digit of z?
3
Let q = 163 - 108. Let y = q + -34. What is the units digit of y?
1
Suppose 0 = -5*f + 4*l + 4446, -5*l + 4825 - 1260 = 4*f. What is the tens digit of f?
9
Let v(r) = 123*r**2 + 20*r - 12. What is the hundreds digit of v(-3)?
0
Let w = -2 - 4. Let t(l) = l**2 - 2*l + 2. What is the tens digit of t(w)?
5
Suppose 3*t - t = -2*w + 2, 4*w - 11 = 3*t. Suppose -3*q - 27 = -w*q. Let h = -11 - q. What is the tens digit of h?
1
Let i(d) = d**2 - 4*d - 5. Let h be i(7). Let u = -14 + h. Suppose 2*x = z + 47, -u*z + 4*z - 60 = -3*x. What is the tens digit of x?
2
Let d = -6017 + 9025. What is the thousands digit of d?
3
Let j = 0 + 0. Let k = 13 - 7. Let z = k + j. What is the units digit of z?
6
Suppose 7*s - 4*s + 48 = 0. Let d = s - -42. What is the units digit of d/6 - 2/6?
4
Let y = -51 - 60. Let m = y + 315. What is the hundreds digit of m?
2
Let u(z) = -z**3 - 2*z + 5. Let t be u(0). Suppose -6*b - t*d + 261 = -3*b, -4*b + 5*d + 383 = 0. What is the units digit of b?
2
Let g = 184 - -288. Suppose 0 = 4*f + 36 - g. What is the tens digit of f?
0
Suppose 10*j - 7*j - 4200 = 0. What is the units digit of j?
0
What is the units digit of 290 - ((-6 - 0) + 12)?
4
Let g(q) = q**2 + 4*q + 4. Suppose -2*t - 20 = 3*t. Let f be g(t). What is the units digit of f/(-6) + (-53)/(-3)?
7
Let l = 2510 + -1783. What is the tens digit of l?
2
Suppose 3*k + 2*q - 16 = 0, 4*k + 10 = -k + 4*q. Suppose -2*m + 766 = 4*y, 0 = -4*y + 2*y + k*m + 392. What is the hundreds digit of y?
1
Let a = -1440 - -4012. What is the thousands digit of a?
2
Suppose 2*d = -2*d + 4*q + 44, -q = 4*d - 24. Let p be 154 + (4 - 5) + -1. Suppose -d*m + p = -3*m. What is the tens digit of m?
3
Let f = 55 + -20. Suppose -8*i = -3*i - 2*u - f, 5*i = -5*u. Let d = i - -3. What is the units digit of d?
8
Let i = 281 - 273. What is the units digit of i?
8
Suppose 4 = 3*i - 11. Let m(b) = 6*b + 12. What is the tens digit of m(i)?
4
Suppose 0 = o + 3*v - 338, o + 4*o = -3*v + 1738. What is the units digit of o?
0
Let a = 106 + 35. Let n = 4 + 1. Suppose -31 + a = n*m. What is the tens digit of m?
2
Let d be 2562/(-315) + (-4)/(-30). What is the units digit of ((-20)/6)/(d/96)?
0
Suppose -6*q - 697 + 15889 = 0. What is the thousands digit of q?
2
Let r = 13 + -19. Let v be (r/5)/(6/80). Let l = -9 - v. What is the units digit of l?
7
Let a be -12*((-2)/3 - 0). Suppose -a*o = -11*o + 9. What is the units digit of o?
3
Let h(x) = -69 + 3*x**2 - 3*x + 5*x**2 + 71. Let b(m) = m**2 + m. Let g be b(1). What is the units digit of h(g)?
8
Suppose 15620 = 17*t + 1255. What is the hundreds digit of t?
8
Let x = -205 + 617. What is the tens digit of x?
1
Let i(a) = -a + 7. Let c be i(3). Let y be 17 + (6 - (-2 + c)). What is the tens digit of ((-28)/y)/(2/(-93))?
6
Let o(l) be the third derivative of 2/15*l**5 + 0 + 5/12*l**4 + 0*l + 1/120*l**6 + 5*l**2 + 7/6*l**3. What is the units digit of o(-6)?
9
Let h(y) = -240*y + 67. What is the tens digit of h(-3)?
8
What is the tens digit of 2 - ((-9)/(-3) + -1026)?
2
Let w be (4/(8/(-102)))/(-1). Let i = w + -27. What is the units digit of i?
4
Let i(b) = b**3 + 7*b**2 - 8*b + 3. Let c be i(-8). Suppose -c*p - 561 = -3*o, 0*o = 2*o + 5*p - 367. What is the tens digit of o?
8
Suppose -4*r - 63 = -55. What is the hundreds digit of r - (-27)/12 - (-1222)/8?
1
What is the tens digit of 1*((-4 - -10) + -5 + 70)?
7
Let y(g) = 4*g + 45. Let j(w) = -w**3 - 26*w**2 + 27*w - 7. Let h be j(-27). What is the units digit of y(h)?
7
Let y(c) = -105*c + 3. What is the hundreds digit of 